{"id":12355,"date":"2022-11-28T14:40:47","date_gmt":"2022-11-28T13:40:47","guid":{"rendered":"https:\/\/visitvalsesiavercelli.it\/?page_id=12355"},"modified":"2026-04-06T09:48:28","modified_gmt":"2026-04-06T07:48:28","slug":"accompagnatori-cicloturistici","status":"publish","type":"page","link":"https:\/\/visitvalsesiavercelli.it\/fr\/accompagnatori-cicloturistici\/","title":{"rendered":"Accompagnateurs pour le cyclotourisme"},"content":{"rendered":"\n<div class=\"wp-block-cover alignfull is-light has-custom-content-position is-position-center-left hero\" style=\"min-height:650px;aspect-ratio:unset;\"><img loading=\"lazy\" decoding=\"async\" width=\"2048\" height=\"1365\" class=\"wp-block-cover__image-background wp-image-6271\" alt=\"\" src=\"https:\/\/visitvalsesiavercelli.it\/wp-content\/uploads\/2022\/12\/A9A08439.jpg\" style=\"object-position:31% 67%\" data-object-fit=\"cover\" data-object-position=\"31% 67%\" srcset=\"https:\/\/visitvalsesiavercelli.it\/wp-content\/uploads\/2022\/12\/A9A08439.jpg 2048w, https:\/\/visitvalsesiavercelli.it\/wp-content\/uploads\/2022\/12\/A9A08439-1000x667.jpg 1000w, https:\/\/visitvalsesiavercelli.it\/wp-content\/uploads\/2022\/12\/A9A08439-1500x1000.jpg 1500w\" sizes=\"auto, (max-width: 2048px) 100vw, 2048px\" \/><span aria-hidden=\"true\" class=\"wp-block-cover__background has-background-dim-30 has-background-dim\"><\/span><div class=\"wp-block-cover__inner-container is-layout-flow wp-block-cover-is-layout-flow\">\n<div class=\"wp-block-group is-layout-flow wp-block-group-is-layout-flow\">\n<h1 class=\"wp-block-heading has-bianco-color has-text-color\" style=\"text-transform:uppercase\">Accompagnateurs pour le cyclotourisme<\/h1>\n<\/div>\n<\/div><\/div>\n\n\n\n<div class=\"wp-block-group alignfull breadcrumbs is-layout-flow wp-block-group-is-layout-flow\">\n<div class=\"wp-block-group d-flex is-layout-flow wp-block-group-is-layout-flow\">\n<p><a href=\"https:\/\/visitvalsesiavercelli.it\/fr\/\" data-type=\"page\" data-id=\"2\">Home<\/a><\/p>\n\n\n\n<p>Organizza<\/p>\n\n\n\n<p>Servizi Turistici<\/p>\n\n\n<h6 class=\"wp-block-post-title has-text-color has-orange-color\">Accompagnateurs pour le cyclotourisme<\/h6><\/div>\n<\/div>\n\n\n\n<div class=\"wp-block-group alignfull is-layout-flow wp-block-group-is-layout-flow\">\n<div class=\"wp-block-group intro-esperienze is-layout-constrained wp-container-core-group-is-layout-02dd29b2 wp-block-group-is-layout-constrained\" style=\"padding-top:70px;padding-bottom:70px\">\n<h2 class=\"wp-block-heading has-text-align-center has-grigio-color has-text-color\" style=\"text-transform:uppercase\">CONTACTEZ NOS <mark style=\"background-color:rgba(0, 0, 0, 0)\" class=\"has-inline-color has-giallo-color\">Accompagnateurs pour le cyclotourisme<\/mark><\/h2>\n\n\n\n<p class=\"has-text-align-center has-text-color has-size-22-font-size\" style=\"color:#36442e;font-style:normal;font-weight:600\">Faites confiance aux conseils avis\u00e9s de nos professionnels et d\u00e9couvrez en toute s\u00e9curit\u00e9 la Valsesia et ses incroyables panoramas. <\/p>\n<\/div>\n<\/div>\n\n\n\n<div class=\"wp-block-group alignfull mountains-bg mountains-bg-top has-nero-color has-grigio-chiaro-background-color has-text-color has-background is-layout-flow wp-block-group-is-layout-flow\">\n<div class=\"wp-block-buttons is-content-justification-center is-layout-flex wp-container-core-buttons-is-layout-a89b3969 wp-block-buttons-is-layout-flex\">\n<div class=\"wp-block-button\"><a class=\"wp-block-button__link wp-element-button\" href=\"https:\/\/visitvalsesiavercelli.it\/fr\/noleggi-bike\/\" target=\"_blank\" rel=\"noreferrer noopener\">D\u00e9couvrez les locations de v\u00e9los<\/a><\/div>\n<\/div>\n\n\n\n<div class=\"wp-block-group intro-2 empty is-layout-flow wp-container-core-group-is-layout-7c146d32 wp-block-group-is-layout-flow\" style=\"padding-top:50px;padding-bottom:50px\">\n<div class=\"wp-block-columns are-vertically-aligned-top gap-mobile is-layout-flex wp-container-core-columns-is-layout-28f84493 wp-block-columns-is-layout-flex\">\n<div class=\"wp-block-column is-layout-flow wp-block-column-is-layout-flow\">\n<h3 class=\"wp-block-heading has-text-align-left has-verde-color has-text-color has-link-color wp-elements-4ea0938cb4c06ae5ed1cc1c6a74f5da0\" id=\"h-gagliardini-renzo\" style=\"font-size:26px;text-transform:uppercase\"><mark style=\"background-color:rgba(0, 0, 0, 0)\" class=\"has-inline-color has-verde-color\"><strong>Gagliardini renzo<\/strong><\/mark><\/h3>\n\n\n\n<p class=\"has-icon pin\">zona Valsesia<\/p>\n\n\n\n<p class=\"has-icon tel\">+39 3473236522<\/p>\n\n\n\n<p class=\"has-icon mail\"><a href=\"mailto:renzo.gagliardini@gmail.com\">renzo.gagliardini@gmail.com<\/a><\/p>\n<\/div>\n\n\n\n<div class=\"wp-block-column is-layout-flow wp-block-column-is-layout-flow\">\n<h3 class=\"wp-block-heading has-text-align-left has-verde-color has-text-color has-link-color wp-elements-f97096af2687cc1572a40f60f1be6543\" id=\"h-ferraris-cristian\" style=\"font-size:26px;text-transform:uppercase\"><mark style=\"background-color:rgba(0, 0, 0, 0)\" class=\"has-inline-color has-verde-color\"><strong>ACTIS CAPORALE DANIELE<\/strong><\/mark><\/h3>\n\n\n\n<p class=\"has-icon pin\">zona Valsesia e Vercellese<\/p>\n\n\n\n<p class=\"has-icon mail\">daniele.actissimo@gmail.com<\/p>\n<\/div>\n\n\n\n<div class=\"wp-block-column is-layout-flow wp-block-column-is-layout-flow\">\n<h3 class=\"wp-block-heading has-text-align-left has-blu-color has-text-color has-link-color wp-elements-e539db59d8d1b43e595b955cae51f7e8\" id=\"h-grupallo-elena\" style=\"font-size:26px;text-transform:uppercase\"><mark style=\"background-color:rgba(0, 0, 0, 0)\" class=\"has-inline-color has-verde-color\"><strong>grupallo elena<\/strong><\/mark><\/h3>\n\n\n\n<p class=\"has-icon pin\">zona Valsesia<\/p>\n\n\n\n<p class=\"has-icon tel\">+39 340 2388058<\/p>\n\n\n\n<p class=\"has-icon mail\"><a href=\"mailto:elena.grupallo@gmail.com\">elena.grupallo@gmail.com<\/a><\/p>\n<\/div>\n<\/div>\n\n\n\n<div class=\"wp-block-columns are-vertically-aligned-top is-layout-flex wp-container-core-columns-is-layout-28f84493 wp-block-columns-is-layout-flex\">\n<div class=\"wp-block-column is-layout-flow wp-block-column-is-layout-flow\">\n<h3 class=\"wp-block-heading has-text-align-left has-verde-color has-text-color\" id=\"h-galetti-maurizio\" style=\"font-size:26px;text-transform:uppercase\">CALIGARIS MARCO<\/h3>\n\n\n\n<p class=\"has-icon pin\">zona Valsesia<\/p>\n\n\n\n<p class=\"has-icon tel\">+ 39 3382248265<\/p>\n\n\n\n<p class=\"has-text-align-left has-icon mail\">kenmaccu@gmail.com<\/p>\n<\/div>\n\n\n\n<div class=\"wp-block-column is-layout-flow wp-block-column-is-layout-flow\">\n<h3 class=\"wp-block-heading has-text-align-left has-verde-color has-text-color\" id=\"h-massarenti-elena\" style=\"font-size:26px;text-transform:uppercase\">iacovo alessio<\/h3>\n\n\n\n<p class=\"has-icon pin\">Valsesia<\/p>\n\n\n\n<p class=\"has-icon tel\">+39 3402164789<\/p>\n\n\n\n<p class=\"has-icon mail\">atomearthmother0085@libero.it<\/p>\n<\/div>\n\n\n\n<div class=\"wp-block-column is-layout-flow wp-block-column-is-layout-flow\">\n<h3 class=\"wp-block-heading has-text-align-left has-blu-color has-text-color\" id=\"h-minazzi-alessia\" style=\"font-size:26px;text-transform:uppercase\"><mark style=\"background-color:rgba(0, 0, 0, 0)\" class=\"has-inline-color has-verde-color\"><strong>MINAZZI Alessia<\/strong><\/mark><\/h3>\n\n\n\n<p class=\"has-icon pin\">zona Valsesia<\/p>\n\n\n\n<p class=\"has-icon tel\">+39 348 8501831<\/p>\n\n\n\n<p class=\"has-icon mail\"><a href=\"mailto:alessia.minazzi@gmail.com\">alessia.minazzi@gmail.com<\/a><\/p>\n<\/div>\n<\/div>\n\n\n\n<div class=\"wp-block-columns are-vertically-aligned-top gap-mobile is-layout-flex wp-container-core-columns-is-layout-28f84493 wp-block-columns-is-layout-flex\">\n<div class=\"wp-block-column is-layout-flow wp-block-column-is-layout-flow\">\n<h3 class=\"wp-block-heading has-text-align-left has-blu-color has-text-color\" id=\"h-minola-violino-manuel\" style=\"font-size:26px;text-transform:uppercase\"><mark style=\"background-color:rgba(0, 0, 0, 0)\" class=\"has-inline-color has-verde-color\"><strong><strong>MINOLA VIOLINO Manuel<\/strong><\/strong><\/mark><\/h3>\n\n\n\n<p class=\"has-icon pin\">Vercellese e basso Monferrato, &nbsp;bassa e alta Valsesia, Biellese<\/p>\n\n\n\n<p class=\"has-icon tel\">+39 342 7328496<\/p>\n\n\n\n<p class=\"has-text-align-left has-icon mail\"><a href=\"mailto:info@vercellioutdoor.it\">info@vercellioutdoor.it<\/a><\/p>\n<\/div>\n\n\n\n<div class=\"wp-block-column is-layout-flow wp-block-column-is-layout-flow\">\n<h3 class=\"wp-block-heading has-text-align-left has-blu-color has-text-color\" id=\"h-nicolini-luca\" style=\"font-size:26px;text-transform:uppercase\"><mark style=\"background-color:rgba(0, 0, 0, 0)\" class=\"has-inline-color has-verde-color\"><strong><strong>NICOLINI Luca<\/strong><\/strong><\/mark><\/h3>\n\n\n\n<p class=\"has-icon pin\">zona Valsesia<\/p>\n\n\n\n<p class=\"has-icon tel\">+39 349 6737265<\/p>\n\n\n\n<p class=\"has-icon mail\"><a href=\"mailto:luca.nicolini.80@gmail.com\">luca.nicolini.80@gmail.com<\/a><\/p>\n<\/div>\n\n\n\n<div class=\"wp-block-column is-layout-flow wp-block-column-is-layout-flow\">\n<h3 class=\"wp-block-heading has-text-align-left has-blu-color has-text-color\" id=\"h-nicolini-luca\" style=\"font-size:26px;text-transform:uppercase\"><mark style=\"background-color:rgba(0, 0, 0, 0)\" class=\"has-inline-color has-verde-color\"><strong><strong>coppo monica<\/strong><\/strong><\/mark><\/h3>\n\n\n\n<p class=\"has-icon pin\">zona Valsesia<\/p>\n\n\n\n<p class=\"has-icon tel\">+39 333 8675569<\/p>\n\n\n\n<p class=\"has-icon mail\"><a href=\"mailto:gerardo.monica@alice.it\">gerardo.monica@alice.it<\/a><\/p>\n<\/div>\n<\/div>\n\n\n\n<div class=\"wp-block-columns is-layout-flex wp-container-core-columns-is-layout-28f84493 wp-block-columns-is-layout-flex\">\n<div class=\"wp-block-column is-layout-flow wp-block-column-is-layout-flow\">\n<h3 class=\"wp-block-heading has-text-align-left has-blu-color has-text-color\" id=\"h-marco-guidotti\" style=\"font-size:26px;text-transform:uppercase\"><mark style=\"background-color:rgba(0, 0, 0, 0)\" class=\"has-inline-color has-verde-color\"><strong><strong>Marco Guidotti<\/strong><\/strong><\/mark><\/h3>\n\n\n\n<p class=\"has-icon pin\">Valsesia e Biellese (Rive Rosse)<\/p>\n\n\n\n<p class=\"has-icon tel\">+39 328 8867341<\/p>\n\n\n\n<p class=\"has-text-align-left has-icon mail\"><a href=\"mailto:redcab@libero.it\">redcab@libero.it<\/a><\/p>\n<\/div>\n\n\n\n<div class=\"wp-block-column is-layout-flow wp-block-column-is-layout-flow\">\n<p class=\"has-blu-color has-text-color\" style=\"font-size:26px\"><mark style=\"background-color:rgba(0, 0, 0, 0)\" class=\"has-inline-color has-verde-color\"><strong><strong>EMILIA ZAMPAGLIONE<\/strong><\/strong><\/mark><\/p>\n\n\n\n<p class=\"has-icon pin\">Valsesia e Biellese (Rive Rosse)<\/p>\n\n\n\n<p class=\"has-icon tel\">+39 348 2548754<\/p>\n\n\n\n<p class=\"has-text-align-left has-icon mail\"><a href=\"mailto:redcab@libero.it\">redcab@libero.it<\/a><\/p>\n<\/div>\n\n\n\n<div class=\"wp-block-column is-layout-flow wp-block-column-is-layout-flow\">\n<p class=\"has-blu-color has-text-color\" style=\"font-size:26px\"><mark style=\"background-color:rgba(0, 0, 0, 0)\" class=\"has-inline-color has-verde-color\"><strong><strong>ZERINI WALTER<\/strong><\/strong><\/mark><\/p>\n\n\n\n<p class=\"has-icon pin\">Vercellese<\/p>\n\n\n\n<p class=\"has-icon tel\">+39 320 9455052<\/p>\n\n\n\n<p class=\"has-text-align-left has-icon mail\"><a href=\"mailto:info@wallysbikeadventures.com\">info@wallysbikeadventures.com<\/a><\/p>\n<\/div>\n<\/div>\n<\/div>\n\n\n\n<p><\/p>\n<\/div>\n","protected":false},"excerpt":{"rendered":"<p>Home Organizza Servizi Turistici CONTACTEZ NOS Accompagnateurs pour le cyclotourisme Faites confiance aux conseils avis\u00e9s de nos professionnels et d\u00e9couvrez en toute s\u00e9curit\u00e9 la Valsesia et ses incroyables panoramas. Gagliardini renzo zona Valsesia +39 3473236522 renzo.gagliardini@gmail.com ACTIS CAPORALE DANIELE zona Valsesia e Vercellese daniele.actissimo@gmail.com grupallo elena zona Valsesia +39 340 2388058 elena.grupallo@gmail.com CALIGARIS MARCO zona&#8230;<\/p>\n","protected":false},"author":2,"featured_media":11310,"parent":0,"menu_order":0,"comment_status":"closed","ping_status":"closed","template":"","meta":{"_acf_changed":false,"footnotes":""},"class_list":["post-12355","page","type-page","status-publish","has-post-thumbnail","hentry"],"acf":[],"_links":{"self":[{"href":"https:\/\/visitvalsesiavercelli.it\/fr\/wp-json\/wp\/v2\/pages\/12355","targetHints":{"allow":["GET"]}}],"collection":[{"href":"https:\/\/visitvalsesiavercelli.it\/fr\/wp-json\/wp\/v2\/pages"}],"about":[{"href":"https:\/\/visitvalsesiavercelli.it\/fr\/wp-json\/wp\/v2\/types\/page"}],"author":[{"embeddable":true,"href":"https:\/\/visitvalsesiavercelli.it\/fr\/wp-json\/wp\/v2\/users\/2"}],"replies":[{"embeddable":true,"href":"https:\/\/visitvalsesiavercelli.it\/fr\/wp-json\/wp\/v2\/comments?post=12355"}],"version-history":[{"count":0,"href":"https:\/\/visitvalsesiavercelli.it\/fr\/wp-json\/wp\/v2\/pages\/12355\/revisions"}],"wp:featuredmedia":[{"embeddable":true,"href":"https:\/\/visitvalsesiavercelli.it\/fr\/wp-json\/wp\/v2\/media\/11310"}],"wp:attachment":[{"href":"https:\/\/visitvalsesiavercelli.it\/fr\/wp-json\/wp\/v2\/media?parent=12355"}],"curies":[{"name":"wp","href":"https:\/\/api.w.org\/{rel}","templated":true}]}}

<div class="wp-block-cover alignfull is-light has-custom-content-position is-position-center-left hero" style="min-height:650px;aspect-ratio:unset;"><img loading="lazy" decoding="async" width="2048" height="1365" class="wp-block-cover__image-background wp-image-6271" alt="" src="https://visitvalsesiavercelli.it/wp-content/uploads/2022/12/A9A08439.jpg" style="object-position:31% 67%" data-object-fit="cover" data-object-position="31% 67%" srcset="https://visitvalsesiavercelli.it/wp-content/uploads/2022/12/A9A08439.jpg 2048w, https://visitvalsesiavercelli.it/wp-content/uploads/2022/12/A9A08439-1000x667.jpg 1000w, https://visitvalsesiavercelli.it/wp-content/uploads/2022/12/A9A08439-1500x1000.jpg 1500w" sizes="auto, (max-width: 2048px) 100vw, 2048px" /><span aria-hidden="true" class="wp-block-cover__background has-background-dim-30 has-background-dim"></span><div class="wp-block-cover__inner-container is-layout-flow wp-block-cover-is-layout-flow">
<div class="wp-block-group is-layout-flow wp-block-group-is-layout-flow">
<h1 class="wp-block-heading has-bianco-color has-text-color" style="text-transform:uppercase">Accompagnateurs pour le cyclotourisme</h1>
</div>
</div></div>



<div class="wp-block-group alignfull breadcrumbs is-layout-flow wp-block-group-is-layout-flow">
<div class="wp-block-group d-flex is-layout-flow wp-block-group-is-layout-flow">
<p><a href="https://visitvalsesiavercelli.it/fr/" data-type="page" data-id="2">Home</a></p>



<p>Organizza</p>



<p>Servizi Turistici</p>


<h6 class="wp-block-post-title has-text-color has-orange-color">Accompagnateurs pour le cyclotourisme</h6></div>
</div>



<div class="wp-block-group alignfull is-layout-flow wp-block-group-is-layout-flow">
<div class="wp-block-group intro-esperienze is-layout-constrained wp-container-core-group-is-layout-02dd29b2 wp-block-group-is-layout-constrained" style="padding-top:70px;padding-bottom:70px">
<h2 class="wp-block-heading has-text-align-center has-grigio-color has-text-color" style="text-transform:uppercase">CONTACTEZ NOS <mark style="background-color:rgba(0, 0, 0, 0)" class="has-inline-color has-giallo-color">Accompagnateurs pour le cyclotourisme</mark></h2>



<p class="has-text-align-center has-text-color has-size-22-font-size" style="color:#36442e;font-style:normal;font-weight:600">Faites confiance aux conseils avisés de nos professionnels et découvrez en toute sécurité la Valsesia et ses incroyables panoramas. </p>
</div>
</div>



<div class="wp-block-group alignfull mountains-bg mountains-bg-top has-nero-color has-grigio-chiaro-background-color has-text-color has-background is-layout-flow wp-block-group-is-layout-flow">
<div class="wp-block-buttons is-content-justification-center is-layout-flex wp-container-core-buttons-is-layout-a89b3969 wp-block-buttons-is-layout-flex">
<div class="wp-block-button"><a class="wp-block-button__link wp-element-button" href="https://visitvalsesiavercelli.it/fr/noleggi-bike/" target="_blank" rel="noreferrer noopener">Découvrez les locations de vélos</a></div>
</div>



<div class="wp-block-group intro-2 empty is-layout-flow wp-container-core-group-is-layout-7c146d32 wp-block-group-is-layout-flow" style="padding-top:50px;padding-bottom:50px">
<div class="wp-block-columns are-vertically-aligned-top gap-mobile is-layout-flex wp-container-core-columns-is-layout-28f84493 wp-block-columns-is-layout-flex">
<div class="wp-block-column is-layout-flow wp-block-column-is-layout-flow">
<h3 class="wp-block-heading has-text-align-left has-verde-color has-text-color has-link-color wp-elements-4ea0938cb4c06ae5ed1cc1c6a74f5da0" id="h-gagliardini-renzo" style="font-size:26px;text-transform:uppercase"><mark style="background-color:rgba(0, 0, 0, 0)" class="has-inline-color has-verde-color"><strong>Gagliardini renzo</strong></mark></h3>



<p class="has-icon pin">zona Valsesia</p>



<p class="has-icon tel">+39 3473236522</p>



<p class="has-icon mail"><a href="mailto:renzo.gagliardini@gmail.com">renzo.gagliardini@gmail.com</a></p>
</div>



<div class="wp-block-column is-layout-flow wp-block-column-is-layout-flow">
<h3 class="wp-block-heading has-text-align-left has-verde-color has-text-color has-link-color wp-elements-f97096af2687cc1572a40f60f1be6543" id="h-ferraris-cristian" style="font-size:26px;text-transform:uppercase"><mark style="background-color:rgba(0, 0, 0, 0)" class="has-inline-color has-verde-color"><strong>ACTIS CAPORALE DANIELE</strong></mark></h3>



<p class="has-icon pin">zona Valsesia e Vercellese</p>



<p class="has-icon mail">daniele.actissimo@gmail.com</p>
</div>



<div class="wp-block-column is-layout-flow wp-block-column-is-layout-flow">
<h3 class="wp-block-heading has-text-align-left has-blu-color has-text-color has-link-color wp-elements-e539db59d8d1b43e595b955cae51f7e8" id="h-grupallo-elena" style="font-size:26px;text-transform:uppercase"><mark style="background-color:rgba(0, 0, 0, 0)" class="has-inline-color has-verde-color"><strong>grupallo elena</strong></mark></h3>



<p class="has-icon pin">zona Valsesia</p>



<p class="has-icon tel">+39 340 2388058</p>



<p class="has-icon mail"><a href="mailto:elena.grupallo@gmail.com">elena.grupallo@gmail.com</a></p>
</div>
</div>



<div class="wp-block-columns are-vertically-aligned-top is-layout-flex wp-container-core-columns-is-layout-28f84493 wp-block-columns-is-layout-flex">
<div class="wp-block-column is-layout-flow wp-block-column-is-layout-flow">
<h3 class="wp-block-heading has-text-align-left has-verde-color has-text-color" id="h-galetti-maurizio" style="font-size:26px;text-transform:uppercase">CALIGARIS MARCO</h3>



<p class="has-icon pin">zona Valsesia</p>



<p class="has-icon tel">+ 39 3382248265</p>



<p class="has-text-align-left has-icon mail">kenmaccu@gmail.com</p>
</div>



<div class="wp-block-column is-layout-flow wp-block-column-is-layout-flow">
<h3 class="wp-block-heading has-text-align-left has-verde-color has-text-color" id="h-massarenti-elena" style="font-size:26px;text-transform:uppercase">iacovo alessio</h3>



<p class="has-icon pin">Valsesia</p>



<p class="has-icon tel">+39 3402164789</p>



<p class="has-icon mail">atomearthmother0085@libero.it</p>
</div>



<div class="wp-block-column is-layout-flow wp-block-column-is-layout-flow">
<h3 class="wp-block-heading has-text-align-left has-blu-color has-text-color" id="h-minazzi-alessia" style="font-size:26px;text-transform:uppercase"><mark style="background-color:rgba(0, 0, 0, 0)" class="has-inline-color has-verde-color"><strong>MINAZZI Alessia</strong></mark></h3>



<p class="has-icon pin">zona Valsesia</p>



<p class="has-icon tel">+39 348 8501831</p>



<p class="has-icon mail"><a href="mailto:alessia.minazzi@gmail.com">alessia.minazzi@gmail.com</a></p>
</div>
</div>



<div class="wp-block-columns are-vertically-aligned-top gap-mobile is-layout-flex wp-container-core-columns-is-layout-28f84493 wp-block-columns-is-layout-flex">
<div class="wp-block-column is-layout-flow wp-block-column-is-layout-flow">
<h3 class="wp-block-heading has-text-align-left has-blu-color has-text-color" id="h-minola-violino-manuel" style="font-size:26px;text-transform:uppercase"><mark style="background-color:rgba(0, 0, 0, 0)" class="has-inline-color has-verde-color"><strong><strong>MINOLA VIOLINO Manuel</strong></strong></mark></h3>



<p class="has-icon pin">Vercellese e basso Monferrato, &nbsp;bassa e alta Valsesia, Biellese</p>



<p class="has-icon tel">+39 342 7328496</p>



<p class="has-text-align-left has-icon mail"><a href="mailto:info@vercellioutdoor.it">info@vercellioutdoor.it</a></p>
</div>



<div class="wp-block-column is-layout-flow wp-block-column-is-layout-flow">
<h3 class="wp-block-heading has-text-align-left has-blu-color has-text-color" id="h-nicolini-luca" style="font-size:26px;text-transform:uppercase"><mark style="background-color:rgba(0, 0, 0, 0)" class="has-inline-color has-verde-color"><strong><strong>NICOLINI Luca</strong></strong></mark></h3>



<p class="has-icon pin">zona Valsesia</p>



<p class="has-icon tel">+39 349 6737265</p>



<p class="has-icon mail"><a href="mailto:luca.nicolini.80@gmail.com">luca.nicolini.80@gmail.com</a></p>
</div>



<div class="wp-block-column is-layout-flow wp-block-column-is-layout-flow">
<h3 class="wp-block-heading has-text-align-left has-blu-color has-text-color" id="h-nicolini-luca" style="font-size:26px;text-transform:uppercase"><mark style="background-color:rgba(0, 0, 0, 0)" class="has-inline-color has-verde-color"><strong><strong>coppo monica</strong></strong></mark></h3>



<p class="has-icon pin">zona Valsesia</p>



<p class="has-icon tel">+39 333 8675569</p>



<p class="has-icon mail"><a href="mailto:gerardo.monica@alice.it">gerardo.monica@alice.it</a></p>
</div>
</div>



<div class="wp-block-columns is-layout-flex wp-container-core-columns-is-layout-28f84493 wp-block-columns-is-layout-flex">
<div class="wp-block-column is-layout-flow wp-block-column-is-layout-flow">
<h3 class="wp-block-heading has-text-align-left has-blu-color has-text-color" id="h-marco-guidotti" style="font-size:26px;text-transform:uppercase"><mark style="background-color:rgba(0, 0, 0, 0)" class="has-inline-color has-verde-color"><strong><strong>Marco Guidotti</strong></strong></mark></h3>



<p class="has-icon pin">Valsesia e Biellese (Rive Rosse)</p>



<p class="has-icon tel">+39 328 8867341</p>



<p class="has-text-align-left has-icon mail"><a href="mailto:redcab@libero.it">redcab@libero.it</a></p>
</div>



<div class="wp-block-column is-layout-flow wp-block-column-is-layout-flow">
<p class="has-blu-color has-text-color" style="font-size:26px"><mark style="background-color:rgba(0, 0, 0, 0)" class="has-inline-color has-verde-color"><strong><strong>EMILIA ZAMPAGLIONE</strong></strong></mark></p>



<p class="has-icon pin">Valsesia e Biellese (Rive Rosse)</p>



<p class="has-icon tel">+39 348 2548754</p>



<p class="has-text-align-left has-icon mail"><a href="mailto:redcab@libero.it">redcab@libero.it</a></p>
</div>



<div class="wp-block-column is-layout-flow wp-block-column-is-layout-flow">
<p class="has-blu-color has-text-color" style="font-size:26px"><mark style="background-color:rgba(0, 0, 0, 0)" class="has-inline-color has-verde-color"><strong><strong>ZERINI WALTER</strong></strong></mark></p>



<p class="has-icon pin">Vercellese</p>



<p class="has-icon tel">+39 320 9455052</p>



<p class="has-text-align-left has-icon mail"><a href="mailto:info@wallysbikeadventures.com">info@wallysbikeadventures.com</a></p>
</div>
</div>
</div>



<p></p>
</div>

<p>Home Organizza Servizi Turistici CONTACTEZ NOS Accompagnateurs pour le cyclotourisme Faites confiance aux conseils avisés de nos professionnels et découvrez en toute sécurité la Valsesia et ses incroyables panoramas. Gagliardini renzo zona Valsesia +39 3473236522 renzo.gagliardini@gmail.com ACTIS CAPORALE DANIELE zona Valsesia e Vercellese daniele.actissimo@gmail.com grupallo elena zona Valsesia +39 340 2388058 elena.grupallo@gmail.com CALIGARIS MARCO zona&#8230;</p>
