{"id":13890,"date":"2022-06-23T11:02:39","date_gmt":"2022-06-23T09:02:39","guid":{"rendered":"https:\/\/visitvalsesiavercelli.it\/?page_id=13890"},"modified":"2026-04-10T15:24:17","modified_gmt":"2026-04-10T13:24:17","slug":"area-media","status":"publish","type":"page","link":"https:\/\/visitvalsesiavercelli.it\/fr\/area-media\/","title":{"rendered":"Area Media"},"content":{"rendered":"\n<div class=\"wp-block-cover alignfull has-custom-content-position is-position-center-left hero\" style=\"min-height:650px;aspect-ratio:unset;\"><img loading=\"lazy\" decoding=\"async\" width=\"2560\" height=\"1696\" class=\"wp-block-cover__image-background wp-image-4648\" alt=\"\" src=\"https:\/\/visitvalsesiavercelli.it\/wp-content\/uploads\/2022\/10\/media-1-scaled.jpg\" style=\"object-position:44% 46%\" data-object-fit=\"cover\" data-object-position=\"44% 46%\" srcset=\"https:\/\/visitvalsesiavercelli.it\/wp-content\/uploads\/2022\/10\/media-1-scaled.jpg 2560w, https:\/\/visitvalsesiavercelli.it\/wp-content\/uploads\/2022\/10\/media-1-1000x662.jpg 1000w, https:\/\/visitvalsesiavercelli.it\/wp-content\/uploads\/2022\/10\/media-1-1500x994.jpg 1500w\" sizes=\"auto, (max-width: 2560px) 100vw, 2560px\" \/><span aria-hidden=\"true\" class=\"wp-block-cover__background has-background-dim\"><\/span><div class=\"wp-block-cover__inner-container is-layout-flow wp-block-cover-is-layout-flow\">\n<div class=\"wp-block-group is-layout-flow wp-block-group-is-layout-flow\"><h1 style=\"text-transform:uppercase;\" class=\"wp-block-post-title has-text-color has-bianco-color\">Area Media<\/h1><\/div>\n<\/div><\/div>\n\n\n\n<div class=\"wp-block-group alignfull breadcrumbs is-layout-flow wp-block-group-is-layout-flow\">\n<div class=\"wp-block-group d-flex is-layout-flow wp-block-group-is-layout-flow\">\n<p><a href=\"https:\/\/visitvalsesiavercelli.it\/fr\/\" data-type=\"page\" data-id=\"2\">Home<\/a><\/p>\n\n\n<h6 class=\"wp-block-post-title has-text-color has-orange-color\">Area Media<\/h6><\/div>\n<\/div>\n\n\n\n<div class=\"wp-block-group alignfull is-layout-flow wp-block-group-is-layout-flow\">\n<div class=\"wp-block-group intro-esperienze is-layout-constrained wp-container-core-group-is-layout-02dd29b2 wp-block-group-is-layout-constrained\" style=\"padding-top:70px;padding-bottom:70px\">\n<h2 class=\"wp-block-heading has-text-align-center has-text-color\" style=\"color:#2d3429;text-transform:uppercase\">T\u00e9l\u00e9charger le <mark style=\"background-color:rgba(0, 0, 0, 0)\" class=\"has-inline-color has-giallo-color\">dossier de presse <\/mark><\/h2>\n\n\n\n<p class=\"has-text-align-center has-text-color has-size-22-font-size\" style=\"color:#36442e;font-style:normal;font-weight:600\">Un voyage surprenant \u00e0 travers la nature et la culture pour d\u00e9couvrir l&rsquo;excellence artistique, sc\u00e9nique et gastronomique de Valsesia et de la r\u00e9gion de Vercelli.<\/p>\n<\/div>\n<\/div>\n\n\n\n<div class=\"wp-block-columns is-layout-flex wp-container-core-columns-is-layout-6885ed49 wp-block-columns-is-layout-flex\">\n<div class=\"wp-block-column is-layout-flow wp-container-core-column-is-layout-343acf9e wp-block-column-is-layout-flow\">\n<div class=\"wp-block-columns is-layout-flex wp-container-core-columns-is-layout-28f84493 wp-block-columns-is-layout-flex\">\n<div class=\"wp-block-column is-layout-flow wp-block-column-is-layout-flow\">\n<div class=\"wp-block-columns is-layout-flex wp-container-core-columns-is-layout-28f84493 wp-block-columns-is-layout-flex\">\n<div class=\"wp-block-column is-layout-flow wp-block-column-is-layout-flow\">\n<div class=\"wp-block-columns is-layout-flex wp-container-core-columns-is-layout-28f84493 wp-block-columns-is-layout-flex\">\n<div class=\"wp-block-column is-layout-flow wp-block-column-is-layout-flow\">\n<div class=\"wp-block-columns is-layout-flex wp-container-core-columns-is-layout-28f84493 wp-block-columns-is-layout-flex\">\n<div class=\"wp-block-column is-layout-flow wp-block-column-is-layout-flow\">\n<div data-wp-interactive=\"core\/file\" class=\"wp-block-file\"><object data-wp-bind--hidden=\"!state.hasPdfPreview\" hidden class=\"wp-block-file__embed\" data=\"https:\/\/visitvalsesiavercelli.it\/wp-content\/uploads\/2026\/04\/Vercelli-Provincia-FR-2.pdf\" type=\"application\/pdf\" style=\"width:100%;height:430px\" aria-label=\"Contenu embarqu\u00e9 Vercelli Provincia - FR.\"><\/object><a id=\"wp-block-file--media-6164d451-2852-4a04-aeb8-e64a95f17ca6\" href=\"https:\/\/visitvalsesiavercelli.it\/wp-content\/uploads\/2026\/04\/Vercelli-Provincia-FR-2.pdf\">Vercelli Provincia &#8211; FR<\/a><a href=\"https:\/\/visitvalsesiavercelli.it\/wp-content\/uploads\/2026\/04\/Vercelli-Provincia-FR-2.pdf\" class=\"wp-block-file__button wp-element-button\" download aria-describedby=\"wp-block-file--media-6164d451-2852-4a04-aeb8-e64a95f17ca6\">Download<\/a><\/div>\n<\/div>\n<\/div>\n<\/div>\n<\/div>\n<\/div>\n<\/div>\n<\/div>\n<\/div>\n<\/div>\n\n\n\n<div class=\"wp-block-column is-layout-flow wp-block-column-is-layout-flow\">\n<div data-wp-interactive=\"core\/file\" class=\"wp-block-file\"><object data-wp-bind--hidden=\"!state.hasPdfPreview\" hidden class=\"wp-block-file__embed\" data=\"https:\/\/visitvalsesiavercelli.it\/wp-content\/uploads\/2026\/04\/Biella-Vercelli-FR-1.pdf\" type=\"application\/pdf\" style=\"width:100%;height:430px\" aria-label=\"Contenu embarqu\u00e9 Biella Vercelli - FR.\"><\/object><a id=\"wp-block-file--media-64f61561-8df5-4040-96d2-dd2803627661\" href=\"https:\/\/visitvalsesiavercelli.it\/wp-content\/uploads\/2026\/04\/Biella-Vercelli-FR-1.pdf\">Biella Vercelli &#8211; FR<\/a><a href=\"https:\/\/visitvalsesiavercelli.it\/wp-content\/uploads\/2026\/04\/Biella-Vercelli-FR-1.pdf\" class=\"wp-block-file__button wp-element-button\" download aria-describedby=\"wp-block-file--media-64f61561-8df5-4040-96d2-dd2803627661\">Download<\/a><\/div>\n<\/div>\n<\/div>\n\n\n\n<div class=\"wp-block-columns is-layout-flex wp-container-core-columns-is-layout-c5d1bf24 wp-block-columns-is-layout-flex\" style=\"padding-top:20px;padding-right:20px;padding-bottom:20px;padding-left:20px\">\n<div class=\"wp-block-column is-layout-flow wp-container-core-column-is-layout-343acf9e wp-block-column-is-layout-flow\"><\/div>\n\n\n\n<div class=\"wp-block-column is-layout-flow wp-container-core-column-is-layout-343acf9e wp-block-column-is-layout-flow\"><\/div>\n<\/div>\n","protected":false},"excerpt":{"rendered":"<p>Home T\u00e9l\u00e9charger le dossier de presse Un voyage surprenant \u00e0 travers la nature et la culture pour d\u00e9couvrir l&rsquo;excellence artistique, sc\u00e9nique et gastronomique de Valsesia et de la r\u00e9gion de Vercelli.<\/p>\n","protected":false},"author":2,"featured_media":0,"parent":0,"menu_order":0,"comment_status":"closed","ping_status":"closed","template":"","meta":{"_acf_changed":false,"footnotes":""},"class_list":["post-13890","page","type-page","status-publish","hentry"],"acf":[],"_links":{"self":[{"href":"https:\/\/visitvalsesiavercelli.it\/fr\/wp-json\/wp\/v2\/pages\/13890","targetHints":{"allow":["GET"]}}],"collection":[{"href":"https:\/\/visitvalsesiavercelli.it\/fr\/wp-json\/wp\/v2\/pages"}],"about":[{"href":"https:\/\/visitvalsesiavercelli.it\/fr\/wp-json\/wp\/v2\/types\/page"}],"author":[{"embeddable":true,"href":"https:\/\/visitvalsesiavercelli.it\/fr\/wp-json\/wp\/v2\/users\/2"}],"replies":[{"embeddable":true,"href":"https:\/\/visitvalsesiavercelli.it\/fr\/wp-json\/wp\/v2\/comments?post=13890"}],"version-history":[{"count":0,"href":"https:\/\/visitvalsesiavercelli.it\/fr\/wp-json\/wp\/v2\/pages\/13890\/revisions"}],"wp:attachment":[{"href":"https:\/\/visitvalsesiavercelli.it\/fr\/wp-json\/wp\/v2\/media?parent=13890"}],"curies":[{"name":"wp","href":"https:\/\/api.w.org\/{rel}","templated":true}]}}

<div class="wp-block-cover alignfull has-custom-content-position is-position-center-left hero" style="min-height:650px;aspect-ratio:unset;"><img loading="lazy" decoding="async" width="2560" height="1696" class="wp-block-cover__image-background wp-image-4648" alt="" src="https://visitvalsesiavercelli.it/wp-content/uploads/2022/10/media-1-scaled.jpg" style="object-position:44% 46%" data-object-fit="cover" data-object-position="44% 46%" srcset="https://visitvalsesiavercelli.it/wp-content/uploads/2022/10/media-1-scaled.jpg 2560w, https://visitvalsesiavercelli.it/wp-content/uploads/2022/10/media-1-1000x662.jpg 1000w, https://visitvalsesiavercelli.it/wp-content/uploads/2022/10/media-1-1500x994.jpg 1500w" sizes="auto, (max-width: 2560px) 100vw, 2560px" /><span aria-hidden="true" class="wp-block-cover__background has-background-dim"></span><div class="wp-block-cover__inner-container is-layout-flow wp-block-cover-is-layout-flow">
<div class="wp-block-group is-layout-flow wp-block-group-is-layout-flow"><h1 style="text-transform:uppercase;" class="wp-block-post-title has-text-color has-bianco-color">Area Media</h1></div>
</div></div>



<div class="wp-block-group alignfull breadcrumbs is-layout-flow wp-block-group-is-layout-flow">
<div class="wp-block-group d-flex is-layout-flow wp-block-group-is-layout-flow">
<p><a href="https://visitvalsesiavercelli.it/fr/" data-type="page" data-id="2">Home</a></p>


<h6 class="wp-block-post-title has-text-color has-orange-color">Area Media</h6></div>
</div>



<div class="wp-block-group alignfull is-layout-flow wp-block-group-is-layout-flow">
<div class="wp-block-group intro-esperienze is-layout-constrained wp-container-core-group-is-layout-02dd29b2 wp-block-group-is-layout-constrained" style="padding-top:70px;padding-bottom:70px">
<h2 class="wp-block-heading has-text-align-center has-text-color" style="color:#2d3429;text-transform:uppercase">Télécharger le <mark style="background-color:rgba(0, 0, 0, 0)" class="has-inline-color has-giallo-color">dossier de presse </mark></h2>



<p class="has-text-align-center has-text-color has-size-22-font-size" style="color:#36442e;font-style:normal;font-weight:600">Un voyage surprenant à travers la nature et la culture pour découvrir l&rsquo;excellence artistique, scénique et gastronomique de Valsesia et de la région de Vercelli.</p>
</div>
</div>



<div class="wp-block-columns is-layout-flex wp-container-core-columns-is-layout-6885ed49 wp-block-columns-is-layout-flex">
<div class="wp-block-column is-layout-flow wp-container-core-column-is-layout-343acf9e wp-block-column-is-layout-flow">
<div class="wp-block-columns is-layout-flex wp-container-core-columns-is-layout-28f84493 wp-block-columns-is-layout-flex">
<div class="wp-block-column is-layout-flow wp-block-column-is-layout-flow">
<div class="wp-block-columns is-layout-flex wp-container-core-columns-is-layout-28f84493 wp-block-columns-is-layout-flex">
<div class="wp-block-column is-layout-flow wp-block-column-is-layout-flow">
<div class="wp-block-columns is-layout-flex wp-container-core-columns-is-layout-28f84493 wp-block-columns-is-layout-flex">
<div class="wp-block-column is-layout-flow wp-block-column-is-layout-flow">
<div class="wp-block-columns is-layout-flex wp-container-core-columns-is-layout-28f84493 wp-block-columns-is-layout-flex">
<div class="wp-block-column is-layout-flow wp-block-column-is-layout-flow">
<div data-wp-interactive="core/file" class="wp-block-file"><object data-wp-bind--hidden="!state.hasPdfPreview" hidden class="wp-block-file__embed" data="https://visitvalsesiavercelli.it/wp-content/uploads/2026/04/Vercelli-Provincia-FR-2.pdf" type="application/pdf" style="width:100%;height:430px" aria-label="Contenu embarqué Vercelli Provincia - FR."></object><a id="wp-block-file--media-6164d451-2852-4a04-aeb8-e64a95f17ca6" href="https://visitvalsesiavercelli.it/wp-content/uploads/2026/04/Vercelli-Provincia-FR-2.pdf">Vercelli Provincia &#8211; FR</a><a href="https://visitvalsesiavercelli.it/wp-content/uploads/2026/04/Vercelli-Provincia-FR-2.pdf" class="wp-block-file__button wp-element-button" download aria-describedby="wp-block-file--media-6164d451-2852-4a04-aeb8-e64a95f17ca6">Download</a></div>
</div>
</div>
</div>
</div>
</div>
</div>
</div>
</div>
</div>



<div class="wp-block-column is-layout-flow wp-block-column-is-layout-flow">
<div data-wp-interactive="core/file" class="wp-block-file"><object data-wp-bind--hidden="!state.hasPdfPreview" hidden class="wp-block-file__embed" data="https://visitvalsesiavercelli.it/wp-content/uploads/2026/04/Biella-Vercelli-FR-1.pdf" type="application/pdf" style="width:100%;height:430px" aria-label="Contenu embarqué Biella Vercelli - FR."></object><a id="wp-block-file--media-64f61561-8df5-4040-96d2-dd2803627661" href="https://visitvalsesiavercelli.it/wp-content/uploads/2026/04/Biella-Vercelli-FR-1.pdf">Biella Vercelli &#8211; FR</a><a href="https://visitvalsesiavercelli.it/wp-content/uploads/2026/04/Biella-Vercelli-FR-1.pdf" class="wp-block-file__button wp-element-button" download aria-describedby="wp-block-file--media-64f61561-8df5-4040-96d2-dd2803627661">Download</a></div>
</div>
</div>



<div class="wp-block-columns is-layout-flex wp-container-core-columns-is-layout-c5d1bf24 wp-block-columns-is-layout-flex" style="padding-top:20px;padding-right:20px;padding-bottom:20px;padding-left:20px">
<div class="wp-block-column is-layout-flow wp-container-core-column-is-layout-343acf9e wp-block-column-is-layout-flow"></div>



<div class="wp-block-column is-layout-flow wp-container-core-column-is-layout-343acf9e wp-block-column-is-layout-flow"></div>
</div>

<p>Home Télécharger le dossier de presse Un voyage surprenant à travers la nature et la culture pour découvrir l&rsquo;excellence artistique, scénique et gastronomique de Valsesia et de la région de Vercelli.</p>
