{"id":12637,"date":"2022-10-17T10:39:42","date_gmt":"2022-10-17T08:39:42","guid":{"rendered":"https:\/\/visitvalsesiavercelli.it\/?post_type=punti-di-interesse&#038;p=12637"},"modified":"2026-04-14T12:34:28","modified_gmt":"2026-04-14T10:34:28","slug":"parco-naturale-del-po-piemontese","status":"publish","type":"punti-di-interesse","link":"https:\/\/visitvalsesiavercelli.it\/fr\/scopri\/punti-di-interesse\/parco-naturale-del-po-piemontese\/","title":{"rendered":"Parco Naturale del Po Piemontese"},"content":{"rendered":"\n<div class=\"wp-block-cover alignfull has-custom-content-position is-position-center-left hero\" style=\"min-height:650px;aspect-ratio:unset;\"><img loading=\"lazy\" decoding=\"async\" width=\"947\" height=\"627\" class=\"wp-block-cover__image-background wp-image-47580 size-full\" alt=\"\" src=\"https:\/\/visitvalsesiavercelli.it\/wp-content\/uploads\/2022\/08\/calanchi.png\" style=\"object-position:49% 24%\" data-object-fit=\"cover\" data-object-position=\"49% 24%\"\/><span aria-hidden=\"true\" class=\"wp-block-cover__background has-background-dim\" style=\"background-color:#576048\"><\/span><div class=\"wp-block-cover__inner-container is-layout-flow wp-block-cover-is-layout-flow\">\n<div class=\"wp-block-group is-layout-flow wp-block-group-is-layout-flow\"><h1 style=\"text-transform:uppercase;\" class=\"wp-block-post-title has-text-color has-bianco-color\">Parco Naturale del Po Piemontese<\/h1>\n\n    <div class=\"etichetta\">\n        <div>\n            Point d\u2019int\u00e9r\u00eat        <\/div>\n    <\/div><\/div>\n<\/div><\/div>\n\n\n\n<div class=\"wp-block-group alignfull breadcrumbs is-layout-flow wp-block-group-is-layout-flow\">\n<div class=\"wp-block-group d-flex is-layout-flow wp-block-group-is-layout-flow\">\n<p><a href=\"https:\/\/visitvalsesiavercelli.it\/fr\/\" data-type=\"page\" data-id=\"2\">Home<\/a><\/p>\n\n\n\n<p>Scopri<\/p>\n\n\n\n<p>Punti d&rsquo;interesse<\/p>\n\n\n            <p class=\"breadcrumb-esperienza\">\n                <a href=\"https:\/\/visitvalsesiavercelli.it\/scopri\/punti-di-interesse\/siti-naturalistici\/\">Sites naturels<\/a>    \n            <\/p>\n                \n\n<h6 class=\"wp-block-post-title has-text-color has-orange-color\">Parco Naturale del Po Piemontese<\/h6><\/div>\n<\/div>\n\n\n\n<div class=\"wp-block-group alignfull is-layout-flow wp-block-group-is-layout-flow\">\n<div class=\"wp-block-group intro-esperienze is-layout-flow wp-container-core-group-is-layout-49fcf5db wp-block-group-is-layout-flow\" style=\"padding-top:70px;padding-bottom:70px;padding-left:70px\">    <div class=\"etichetta-secondaria\">\n        <div>\n            Sites naturels        <\/div>\n    <\/div>\n    \n\n\n<h2 class=\"wp-block-heading has-text-align-left has-text-color\" style=\"color:#2d3429;text-transform:uppercase\">parco naturale del po piemontese<\/h2>\n\n\n    <div class=\"keywords-esperienze\">\n        \n\n<p style=\"font-size:20px\">Le Parco Naturale del Po piemontese a \u00e9t\u00e9 cr\u00e9\u00e9 en 2019 par une loi r\u00e9gionale. Auparavant, au Pi\u00e9mont, certaines des zones bordant le P\u00f4 et pr\u00e9sentant une valeur environnementale et paysag\u00e8re particuli\u00e8re, ou menac\u00e9es par une \u00e9ventuelle extension du b\u00e2ti, \u00e9taient prot\u00e9g\u00e9es par un syst\u00e8me de Riserve naturali, Aree attrezzate et Zone di salvaguardia. Avec sa cr\u00e9ation, <strong>les Parcs pr\u00e9-existants autour des tron\u00e7ons du P\u00f4 vers Turin, Alessandria et Vercelli ont \u00e9t\u00e9 administrativement r\u00e9unis, cr\u00e9ant de facto une gestion unique le long du tron\u00e7on subalpin du P\u00f4<\/strong>, le plus long et plus important fleuve d&rsquo;Italie. Dans ce cas pr\u00e9cis, le P\u00f4 constitue \u00e9galement le trait d&rsquo;union entre les diff\u00e9rentes zones qui composent les Aree protette del Po piemontese. Le Parco del Po piemontese s&rsquo;\u00e9tend enti\u00e8rement en plaine, mais effleure souvent des zones de collines, \u00e0 la droite hydrographique du fleuve.<\/p>\n\n\n\n<p style=\"font-size:20px\">Autour de Vercelli, le P\u00f4 traverse les communes de <a href=\"https:\/\/valsesia.sport-net.it\/vivi\/arte-e-cultura\/crescentino\/\"><strong>Crescentino<\/strong><\/a>, <a href=\"https:\/\/valsesia.sport-net.it\/vivi\/arte-e-cultura\/fontanetto-po\/\"><strong>Fontanetto Po<\/strong><\/a>, <a href=\"https:\/\/valsesia.sport-net.it\/vivi\/arte-e-cultura\/palazzolo-vercellese\/\"><strong>Palazzolo Vercellese<\/strong><\/a> et <a href=\"https:\/\/valsesia.sport-net.it\/vivi\/arte-e-cultura\/trino-vercellese\/\"><strong>Trino<\/strong><\/a>, une zone de plaine consacr\u00e9e \u00e0 la riziculture mais pr\u00e9sentant une grande biodiversit\u00e9, et bordant les collines de Casale Monferrato. <\/p>\n\n\n\n<p style=\"font-size:20px\">Les zones prot\u00e9g\u00e9es proches de Vercelli sont particuli\u00e8rement int\u00e9ressantes pour les <strong>ornithologues<\/strong>, qui peuvent y admirer de nombreuses colonies d&rsquo;oiseaux r\u00e9sidents.<\/p>\n\n\n    <\/div><\/div>\n<\/div>\n\n\n\n<div class=\"wp-block-group alignfull has-bianco-color has-text-color has-background is-layout-flow wp-block-group-is-layout-flow\" style=\"background-color:#3d4d34;padding-top:60px;padding-bottom:80px\">\n<div class=\"wp-block-group is-layout-constrained wp-container-core-group-is-layout-e548ea6f wp-block-group-is-layout-constrained\">\n<div class=\"wp-block-columns gap-mobile is-layout-flex wp-container-core-columns-is-layout-01159bbe wp-block-columns-is-layout-flex\">\n<div class=\"wp-block-column is-layout-flow wp-block-column-is-layout-flow\">\n<h3 class=\"wp-block-heading has-giallo-color has-text-color\" style=\"font-size:26px;text-transform:uppercase\">comment y aller<\/h3>\n\n\n\n<iframe src=\"https:\/\/www.google.com\/maps\/embed?pb=!1m18!1m12!1m3!1d5623.283789718893!2d8.1860550471677!3d45.19434484495592!2m3!1f0!2f0!3f0!3m2!1i1024!2i768!4f13.1!3m3!1m2!1s0x4787c9283af26fa5%3A0x22ba59907c14296!2s13040%20Fontanetto%20Po%20VC!5e0!3m2!1sit!2sit!4v1747488822993!5m2!1sit!2sit\" width=\"600\" height=\"450\" style=\"border:0;\" allowfullscreen=\"\" loading=\"lazy\" referrerpolicy=\"no-referrer-when-downgrade\"><\/iframe>\n<\/div>\n\n\n\n<div class=\"wp-block-column is-style-prima is-layout-flow wp-block-column-is-layout-flow\">\n<h3 class=\"wp-block-heading has-giallo-color has-text-color\" style=\"font-size:26px;text-transform:uppercase\">InfoS ET CONTACTS<\/h3>\n\n\n    <div class=\"info-esperienze\">\n        \n\n<div class=\"wp-block-group info-esperienze-container has-link-color wp-elements-f149b5a1b4cd05cc40e940081d6e1e04 is-vertical is-layout-flex wp-container-core-group-is-layout-fe9cc265 wp-block-group-is-layout-flex\">\n<p class=\"has-icon pin\">Piazza Giovanni XXIII, 6 &#8211; 15048 Valenza (AL)<\/p>\n\n\n\n<p class=\"has-icon tel\">+39 0131.927555 &#8211; +39 011 4321011<\/p>\n\n\n\n<p class=\"has-icon mail\"><a href=\"parcopopiemontese@pec.it\">parcopopiemontese@pec.it<\/a><\/p>\n\n\n\n<p class=\"has-icon www\"><a href=\"http:\/\/www.parcopopiemontese.it\/\">www.parcopopiemontese.it<\/a><\/p>\n\n\n\n<figure class=\"wp-block-image size-full is-resized is-style-default\"><img loading=\"lazy\" decoding=\"async\" width=\"500\" height=\"85\" src=\"https:\/\/visitvalsesiavercelli.it\/wp-content\/uploads\/2022\/10\/logo-parco-areeprotette.png\" alt=\"\" class=\"wp-image-4135\" style=\"width:277px;height:48px\"\/><\/figure>\n<\/div>\n\n\n    <\/div><\/div>\n<\/div>\n<\/div>\n<\/div>\n\n\n\n<div class=\"wp-block-group intro-3 is-layout-flow wp-container-core-group-is-layout-b298a938 wp-block-group-is-layout-flow\" style=\"padding-top:110px;padding-bottom:70px\">\n<div class=\"wp-block-columns is-layout-flex wp-container-core-columns-is-layout-00723822 wp-block-columns-is-layout-flex\">\n<div class=\"wp-block-column is-over is-layout-flow wp-block-column-is-layout-flow\" style=\"padding-left:80px;flex-basis:290px\">\n<h2 class=\"wp-block-heading\" style=\"line-height:0.90;text-transform:uppercase\">Da non perdere<br>in questa <mark style=\"background-color:rgba(0, 0, 0, 0)\" class=\"has-inline-color has-giallo-color\">area<\/mark><\/h2>\n\n\n\n<p class=\"has-size-22-font-size\" style=\"font-style:normal;font-weight:600\">Scopri le meraviglie di Vercelli e le Terre del Riso <\/p>\n\n\n\n<p>Arte e cultura, panorami incantevoli, antiche tradizioni  ed eccellenze enogastronomiche: lasciati conquistare da Vercelli e le Terre del Riso!<\/p>\n<\/div>\n\n\n\n<div class=\"wp-block-column is-layout-flow wp-block-column-is-layout-flow\" style=\"padding-left:60px\">    <section class=\"carosello-orizzontale cover-overflow\">\n                    <div class=\"swiper\">\n                <div class=\"swiper-wrapper\">\n                                            <div class=\"swiper-slide\">\n                            <a href=\"https:\/\/visitvalsesiavercelli.it\/scopri\/punti-di-interesse\/principato-di-lucedio\/\" class=\"carosello-element\">\n                                <div class=\"wp-block-image\">\n                                    <img loading=\"lazy\" decoding=\"async\" width=\"340\" height=\"210\" src=\"https:\/\/visitvalsesiavercelli.it\/wp-content\/uploads\/2022\/08\/Lucedio-panoramica-ufficiale-340x210.jpg\" class=\"attachment-regular-thumb size-regular-thumb wp-post-image\" alt=\"\" srcset=\"https:\/\/visitvalsesiavercelli.it\/wp-content\/uploads\/2022\/08\/Lucedio-panoramica-ufficiale-340x210.jpg 340w, https:\/\/visitvalsesiavercelli.it\/wp-content\/uploads\/2022\/08\/Lucedio-panoramica-ufficiale-680x420.jpg 680w\" sizes=\"auto, (max-width: 340px) 100vw, 340px\" \/>                                <\/div>\n                                <div class=\"content\">\n                                    <h4>Principato di Lucedio<\/h4>\n                                <\/div>\n                                <div class=\"wp-block-buttons\">\n                                    <div class=\"wp-block-button is-style-outline\">\n                                        <span class=\"wp-block-button__link\">\n                                            Vivre                                        <\/span>\n                                    <\/div>\n                                <\/div>\n                            <\/a>\n                        <\/div>\n                                                <div class=\"swiper-slide\">\n                            <a href=\"https:\/\/visitvalsesiavercelli.it\/scopri\/punti-di-interesse\/canale-cavour\/\" class=\"carosello-element\">\n                                <div class=\"wp-block-image\">\n                                    <img loading=\"lazy\" decoding=\"async\" width=\"340\" height=\"210\" src=\"https:\/\/visitvalsesiavercelli.it\/wp-content\/uploads\/2022\/08\/chiusa-del-canale-cavour-340x210.jpg\" class=\"attachment-regular-thumb size-regular-thumb wp-post-image\" alt=\"\" srcset=\"https:\/\/visitvalsesiavercelli.it\/wp-content\/uploads\/2022\/08\/chiusa-del-canale-cavour-340x210.jpg 340w, https:\/\/visitvalsesiavercelli.it\/wp-content\/uploads\/2022\/08\/chiusa-del-canale-cavour-680x420.jpg 680w\" sizes=\"auto, (max-width: 340px) 100vw, 340px\" \/>                                <\/div>\n                                <div class=\"content\">\n                                    <h4>canale cavour<\/h4>\n                                <\/div>\n                                <div class=\"wp-block-buttons\">\n                                    <div class=\"wp-block-button is-style-outline\">\n                                        <span class=\"wp-block-button__link\">\n                                            Vivre                                        <\/span>\n                                    <\/div>\n                                <\/div>\n                            <\/a>\n                        <\/div>\n                                                <div class=\"swiper-slide\">\n                            <a href=\"https:\/\/visitvalsesiavercelli.it\/scopri\/punti-di-interesse\/bosco-della-partecipanza\/\" class=\"carosello-element\">\n                                <div class=\"wp-block-image\">\n                                    <img loading=\"lazy\" decoding=\"async\" width=\"340\" height=\"210\" src=\"https:\/\/visitvalsesiavercelli.it\/wp-content\/uploads\/2022\/10\/Bosco-della-Partecipanza-19-1-340x210.jpg\" class=\"attachment-regular-thumb size-regular-thumb wp-post-image\" alt=\"\" srcset=\"https:\/\/visitvalsesiavercelli.it\/wp-content\/uploads\/2022\/10\/Bosco-della-Partecipanza-19-1-340x210.jpg 340w, https:\/\/visitvalsesiavercelli.it\/wp-content\/uploads\/2022\/10\/Bosco-della-Partecipanza-19-1-680x420.jpg 680w\" sizes=\"auto, (max-width: 340px) 100vw, 340px\" \/>                                <\/div>\n                                <div class=\"content\">\n                                    <h4>Bosco della Partecipanza<\/h4>\n                                <\/div>\n                                <div class=\"wp-block-buttons\">\n                                    <div class=\"wp-block-button is-style-outline\">\n                                        <span class=\"wp-block-button__link\">\n                                            Vivre                                        <\/span>\n                                    <\/div>\n                                <\/div>\n                            <\/a>\n                        <\/div>\n                                                <div class=\"swiper-slide\">\n                            <a href=\"https:\/\/visitvalsesiavercelli.it\/scopri\/punti-di-interesse\/conservatorio-della-risicoltura\/\" class=\"carosello-element\">\n                                <div class=\"wp-block-image\">\n                                    <img loading=\"lazy\" decoding=\"async\" width=\"340\" height=\"210\" src=\"https:\/\/visitvalsesiavercelli.it\/wp-content\/uploads\/2022\/10\/tenuta_colombara-340x210.jpg\" class=\"attachment-regular-thumb size-regular-thumb wp-post-image\" alt=\"\" srcset=\"https:\/\/visitvalsesiavercelli.it\/wp-content\/uploads\/2022\/10\/tenuta_colombara-340x210.jpg 340w, https:\/\/visitvalsesiavercelli.it\/wp-content\/uploads\/2022\/10\/tenuta_colombara-680x420.jpg 680w\" sizes=\"auto, (max-width: 340px) 100vw, 340px\" \/>                                <\/div>\n                                <div class=\"content\">\n                                    <h4>conservatorio della risicoltura<\/h4>\n                                <\/div>\n                                <div class=\"wp-block-buttons\">\n                                    <div class=\"wp-block-button is-style-outline\">\n                                        <span class=\"wp-block-button__link\">\n                                            Vivre                                        <\/span>\n                                    <\/div>\n                                <\/div>\n                            <\/a>\n                        <\/div>\n                                        <\/div>\n                <div class=\"swiper-buttons\">\n                    <div class=\"swiper-button-prev\"><\/div>\n                    <div class=\"swiper-button-next\"><\/div>\n                <\/div>\n            <\/div>\n            <\/section><\/div>\n<\/div>\n<\/div>\n","protected":false},"featured_media":47580,"template":"","categorie-punti":[516],"area":[8],"class_list":["post-12637","punti-di-interesse","type-punti-di-interesse","status-publish","has-post-thumbnail","hentry","categorie-punti-siti-naturalistici","area-vercelli-e-terre-del-riso"],"acf":{"indirizzo":null},"_links":{"self":[{"href":"https:\/\/visitvalsesiavercelli.it\/fr\/wp-json\/wp\/v2\/punti-di-interesse\/12637","targetHints":{"allow":["GET"]}}],"collection":[{"href":"https:\/\/visitvalsesiavercelli.it\/fr\/wp-json\/wp\/v2\/punti-di-interesse"}],"about":[{"href":"https:\/\/visitvalsesiavercelli.it\/fr\/wp-json\/wp\/v2\/types\/punti-di-interesse"}],"wp:featuredmedia":[{"embeddable":true,"href":"https:\/\/visitvalsesiavercelli.it\/fr\/wp-json\/wp\/v2\/media\/47580"}],"wp:attachment":[{"href":"https:\/\/visitvalsesiavercelli.it\/fr\/wp-json\/wp\/v2\/media?parent=12637"}],"wp:term":[{"taxonomy":"categorie-punti","embeddable":true,"href":"https:\/\/visitvalsesiavercelli.it\/fr\/wp-json\/wp\/v2\/categorie-punti?post=12637"},{"taxonomy":"area","embeddable":true,"href":"https:\/\/visitvalsesiavercelli.it\/fr\/wp-json\/wp\/v2\/area?post=12637"}],"curies":[{"name":"wp","href":"https:\/\/api.w.org\/{rel}","templated":true}]}}

<div class="wp-block-cover alignfull has-custom-content-position is-position-center-left hero" style="min-height:650px;aspect-ratio:unset;"><img loading="lazy" decoding="async" width="947" height="627" class="wp-block-cover__image-background wp-image-47580 size-full" alt="" src="https://visitvalsesiavercelli.it/wp-content/uploads/2022/08/calanchi.png" style="object-position:49% 24%" data-object-fit="cover" data-object-position="49% 24%"/><span aria-hidden="true" class="wp-block-cover__background has-background-dim" style="background-color:#576048"></span><div class="wp-block-cover__inner-container is-layout-flow wp-block-cover-is-layout-flow">
<div class="wp-block-group is-layout-flow wp-block-group-is-layout-flow"><h1 style="text-transform:uppercase;" class="wp-block-post-title has-text-color has-bianco-color">Parco Naturale del Po Piemontese</h1>

    <div class="etichetta">
        <div>
            Point d’intérêt        </div>
    </div></div>
</div></div>



<div class="wp-block-group alignfull breadcrumbs is-layout-flow wp-block-group-is-layout-flow">
<div class="wp-block-group d-flex is-layout-flow wp-block-group-is-layout-flow">
<p><a href="https://visitvalsesiavercelli.it/fr/" data-type="page" data-id="2">Home</a></p>



<p>Scopri</p>



<p>Punti d&rsquo;interesse</p>


            <p class="breadcrumb-esperienza">
                <a href="https://visitvalsesiavercelli.it/scopri/punti-di-interesse/siti-naturalistici/">Sites naturels</a>    
            </p>
                

<h6 class="wp-block-post-title has-text-color has-orange-color">Parco Naturale del Po Piemontese</h6></div>
</div>



<div class="wp-block-group alignfull is-layout-flow wp-block-group-is-layout-flow">
<div class="wp-block-group intro-esperienze is-layout-flow wp-container-core-group-is-layout-49fcf5db wp-block-group-is-layout-flow" style="padding-top:70px;padding-bottom:70px;padding-left:70px">    <div class="etichetta-secondaria">
        <div>
            Sites naturels        </div>
    </div>
    


<h2 class="wp-block-heading has-text-align-left has-text-color" style="color:#2d3429;text-transform:uppercase">parco naturale del po piemontese</h2>


    <div class="keywords-esperienze">
        

<p style="font-size:20px">Le Parco Naturale del Po piemontese a été créé en 2019 par une loi régionale. Auparavant, au Piémont, certaines des zones bordant le Pô et présentant une valeur environnementale et paysagère particulière, ou menacées par une éventuelle extension du bâti, étaient protégées par un système de Riserve naturali, Aree attrezzate et Zone di salvaguardia. Avec sa création, <strong>les Parcs pré-existants autour des tronçons du Pô vers Turin, Alessandria et Vercelli ont été administrativement réunis, créant de facto une gestion unique le long du tronçon subalpin du Pô</strong>, le plus long et plus important fleuve d&rsquo;Italie. Dans ce cas précis, le Pô constitue également le trait d&rsquo;union entre les différentes zones qui composent les Aree protette del Po piemontese. Le Parco del Po piemontese s&rsquo;étend entièrement en plaine, mais effleure souvent des zones de collines, à la droite hydrographique du fleuve.</p>



<p style="font-size:20px">Autour de Vercelli, le Pô traverse les communes de <a href="https://valsesia.sport-net.it/vivi/arte-e-cultura/crescentino/"><strong>Crescentino</strong></a>, <a href="https://valsesia.sport-net.it/vivi/arte-e-cultura/fontanetto-po/"><strong>Fontanetto Po</strong></a>, <a href="https://valsesia.sport-net.it/vivi/arte-e-cultura/palazzolo-vercellese/"><strong>Palazzolo Vercellese</strong></a> et <a href="https://valsesia.sport-net.it/vivi/arte-e-cultura/trino-vercellese/"><strong>Trino</strong></a>, une zone de plaine consacrée à la riziculture mais présentant une grande biodiversité, et bordant les collines de Casale Monferrato. </p>



<p style="font-size:20px">Les zones protégées proches de Vercelli sont particulièrement intéressantes pour les <strong>ornithologues</strong>, qui peuvent y admirer de nombreuses colonies d&rsquo;oiseaux résidents.</p>


    </div></div>
</div>



<div class="wp-block-group alignfull has-bianco-color has-text-color has-background is-layout-flow wp-block-group-is-layout-flow" style="background-color:#3d4d34;padding-top:60px;padding-bottom:80px">
<div class="wp-block-group is-layout-constrained wp-container-core-group-is-layout-e548ea6f wp-block-group-is-layout-constrained">
<div class="wp-block-columns gap-mobile is-layout-flex wp-container-core-columns-is-layout-01159bbe wp-block-columns-is-layout-flex">
<div class="wp-block-column is-layout-flow wp-block-column-is-layout-flow">
<h3 class="wp-block-heading has-giallo-color has-text-color" style="font-size:26px;text-transform:uppercase">comment y aller</h3>



<iframe src="https://www.google.com/maps/embed?pb=!1m18!1m12!1m3!1d5623.283789718893!2d8.1860550471677!3d45.19434484495592!2m3!1f0!2f0!3f0!3m2!1i1024!2i768!4f13.1!3m3!1m2!1s0x4787c9283af26fa5%3A0x22ba59907c14296!2s13040%20Fontanetto%20Po%20VC!5e0!3m2!1sit!2sit!4v1747488822993!5m2!1sit!2sit" width="600" height="450" style="border:0;" allowfullscreen="" loading="lazy" referrerpolicy="no-referrer-when-downgrade"></iframe>
</div>



<div class="wp-block-column is-style-prima is-layout-flow wp-block-column-is-layout-flow">
<h3 class="wp-block-heading has-giallo-color has-text-color" style="font-size:26px;text-transform:uppercase">InfoS ET CONTACTS</h3>


    <div class="info-esperienze">
        

<div class="wp-block-group info-esperienze-container has-link-color wp-elements-f149b5a1b4cd05cc40e940081d6e1e04 is-vertical is-layout-flex wp-container-core-group-is-layout-fe9cc265 wp-block-group-is-layout-flex">
<p class="has-icon pin">Piazza Giovanni XXIII, 6 &#8211; 15048 Valenza (AL)</p>



<p class="has-icon tel">+39 0131.927555 &#8211; +39 011 4321011</p>



<p class="has-icon mail"><a href="parcopopiemontese@pec.it">parcopopiemontese@pec.it</a></p>



<p class="has-icon www"><a href="http://www.parcopopiemontese.it/">www.parcopopiemontese.it</a></p>



<figure class="wp-block-image size-full is-resized is-style-default"><img loading="lazy" decoding="async" width="500" height="85" src="https://visitvalsesiavercelli.it/wp-content/uploads/2022/10/logo-parco-areeprotette.png" alt="" class="wp-image-4135" style="width:277px;height:48px"/></figure>
</div>


    </div></div>
</div>
</div>
</div>



<div class="wp-block-group intro-3 is-layout-flow wp-container-core-group-is-layout-b298a938 wp-block-group-is-layout-flow" style="padding-top:110px;padding-bottom:70px">
<div class="wp-block-columns is-layout-flex wp-container-core-columns-is-layout-00723822 wp-block-columns-is-layout-flex">
<div class="wp-block-column is-over is-layout-flow wp-block-column-is-layout-flow" style="padding-left:80px;flex-basis:290px">
<h2 class="wp-block-heading" style="line-height:0.90;text-transform:uppercase">Da non perdere<br>in questa <mark style="background-color:rgba(0, 0, 0, 0)" class="has-inline-color has-giallo-color">area</mark></h2>



<p class="has-size-22-font-size" style="font-style:normal;font-weight:600">Scopri le meraviglie di Vercelli e le Terre del Riso </p>



<p>Arte e cultura, panorami incantevoli, antiche tradizioni  ed eccellenze enogastronomiche: lasciati conquistare da Vercelli e le Terre del Riso!</p>
</div>



<div class="wp-block-column is-layout-flow wp-block-column-is-layout-flow" style="padding-left:60px">    <section class="carosello-orizzontale cover-overflow">
                    <div class="swiper">
                <div class="swiper-wrapper">
                                            <div class="swiper-slide">
                            <a href="https://visitvalsesiavercelli.it/scopri/punti-di-interesse/principato-di-lucedio/" class="carosello-element">
                                <div class="wp-block-image">
                                    <img loading="lazy" decoding="async" width="340" height="210" src="https://visitvalsesiavercelli.it/wp-content/uploads/2022/08/Lucedio-panoramica-ufficiale-340x210.jpg" class="attachment-regular-thumb size-regular-thumb wp-post-image" alt="" srcset="https://visitvalsesiavercelli.it/wp-content/uploads/2022/08/Lucedio-panoramica-ufficiale-340x210.jpg 340w, https://visitvalsesiavercelli.it/wp-content/uploads/2022/08/Lucedio-panoramica-ufficiale-680x420.jpg 680w" sizes="auto, (max-width: 340px) 100vw, 340px" />                                </div>
                                <div class="content">
                                    <h4>Principato di Lucedio</h4>
                                </div>
                                <div class="wp-block-buttons">
                                    <div class="wp-block-button is-style-outline">
                                        <span class="wp-block-button__link">
                                            Vivre                                        </span>
                                    </div>
                                </div>
                            </a>
                        </div>
                                                <div class="swiper-slide">
                            <a href="https://visitvalsesiavercelli.it/scopri/punti-di-interesse/canale-cavour/" class="carosello-element">
                                <div class="wp-block-image">
                                    <img loading="lazy" decoding="async" width="340" height="210" src="https://visitvalsesiavercelli.it/wp-content/uploads/2022/08/chiusa-del-canale-cavour-340x210.jpg" class="attachment-regular-thumb size-regular-thumb wp-post-image" alt="" srcset="https://visitvalsesiavercelli.it/wp-content/uploads/2022/08/chiusa-del-canale-cavour-340x210.jpg 340w, https://visitvalsesiavercelli.it/wp-content/uploads/2022/08/chiusa-del-canale-cavour-680x420.jpg 680w" sizes="auto, (max-width: 340px) 100vw, 340px" />                                </div>
                                <div class="content">
                                    <h4>canale cavour</h4>
                                </div>
                                <div class="wp-block-buttons">
                                    <div class="wp-block-button is-style-outline">
                                        <span class="wp-block-button__link">
                                            Vivre                                        </span>
                                    </div>
                                </div>
                            </a>
                        </div>
                                                <div class="swiper-slide">
                            <a href="https://visitvalsesiavercelli.it/scopri/punti-di-interesse/bosco-della-partecipanza/" class="carosello-element">
                                <div class="wp-block-image">
                                    <img loading="lazy" decoding="async" width="340" height="210" src="https://visitvalsesiavercelli.it/wp-content/uploads/2022/10/Bosco-della-Partecipanza-19-1-340x210.jpg" class="attachment-regular-thumb size-regular-thumb wp-post-image" alt="" srcset="https://visitvalsesiavercelli.it/wp-content/uploads/2022/10/Bosco-della-Partecipanza-19-1-340x210.jpg 340w, https://visitvalsesiavercelli.it/wp-content/uploads/2022/10/Bosco-della-Partecipanza-19-1-680x420.jpg 680w" sizes="auto, (max-width: 340px) 100vw, 340px" />                                </div>
                                <div class="content">
                                    <h4>Bosco della Partecipanza</h4>
                                </div>
                                <div class="wp-block-buttons">
                                    <div class="wp-block-button is-style-outline">
                                        <span class="wp-block-button__link">
                                            Vivre                                        </span>
                                    </div>
                                </div>
                            </a>
                        </div>
                                                <div class="swiper-slide">
                            <a href="https://visitvalsesiavercelli.it/scopri/punti-di-interesse/conservatorio-della-risicoltura/" class="carosello-element">
                                <div class="wp-block-image">
                                    <img loading="lazy" decoding="async" width="340" height="210" src="https://visitvalsesiavercelli.it/wp-content/uploads/2022/10/tenuta_colombara-340x210.jpg" class="attachment-regular-thumb size-regular-thumb wp-post-image" alt="" srcset="https://visitvalsesiavercelli.it/wp-content/uploads/2022/10/tenuta_colombara-340x210.jpg 340w, https://visitvalsesiavercelli.it/wp-content/uploads/2022/10/tenuta_colombara-680x420.jpg 680w" sizes="auto, (max-width: 340px) 100vw, 340px" />                                </div>
                                <div class="content">
                                    <h4>conservatorio della risicoltura</h4>
                                </div>
                                <div class="wp-block-buttons">
                                    <div class="wp-block-button is-style-outline">
                                        <span class="wp-block-button__link">
                                            Vivre                                        </span>
                                    </div>
                                </div>
                            </a>
                        </div>
                                        </div>
                <div class="swiper-buttons">
                    <div class="swiper-button-prev"></div>
                    <div class="swiper-button-next"></div>
                </div>
            </div>
            </section></div>
</div>
</div>
